Is 8909 a multiple of 60?
False
Does 38 divide 2083122?
True
Does 81 divide 210620?
False
Is 16 a factor of 28474?
False
Is 67682 a multiple of 42?
False
Is 43 a factor of 1343473?
False
Is 8 a factor of 3533504?
True
Does 4 divide 682092?
True
Is 795 a factor of 570015?
True
Is 5365260 a multiple of 205?
True
Is 677164 a multiple of 11?
False
Does 9 divide 22742?
False
Is 41 a factor of 5791865?
True
Is 141926 a multiple of 33?
False
Is 414 a factor of 1253592?
True
Is 971014 a multiple of 12?
False
Does 11 divide 153163?
False
Is 15 a factor of 614454?
False
Is 45 a factor of 96795?
True
Does 28 divide 189736?
False
Is 7217756 a multiple of 26?
True
Is 235 a factor of 1732420?
True
Is 35 a factor of 5224481?
False
Is 24 a factor of 55389?
False
Is 2254 a factor of 26168940?
True
Does 97 divide 1374980?
False
Does 9 divide 640350?
True
Is 7941549 a multiple of 46?
False
Is 111 a factor of 244089?
True
Is 802842 a multiple of 11?
False
Is 297 a factor of 13659030?
True
Is 91670 a multiple of 89?
True
Is 18158924 a multiple of 50?
False
Is 20 a factor of 2268106?
False
Is 223 a factor of 360948?
False
Is 1131030 a multiple of 52?
False
Is 503010 a multiple of 405?
True
Does 72 divide 18279?
False
Does 402 divide 179595?
False
Is 222390 a multiple of 630?
True
Is 7816 a multiple of 49?
False
Is 2007 a multiple of 4?
False
Is 85893 a multiple of 16?
False
Is 25 a factor of 174525?
True
Is 1384 a multiple of 8?
True
Is 150 a factor of 845567?
False
Is 51 a factor of 195580?
False
Is 1043635 a multiple of 26?
False
Is 66623 a multiple of 32?
False
Is 39 a factor of 303286?
False
Is 1641736 even?
True
Is 2065462 a multiple of 50?
False
Is 1340144 a multiple of 442?
True
Is 240130 a multiple of 55?
True
Does 270 divide 6164127?
False
Is 7 a factor of 2535862?
True
Is 12782377 a multiple of 55?
False
Does 98 divide 3134525?
False
Does 7 divide 2615606?
True
Is 250 a factor of 23000?
True
Is 368 a factor of 6715973?
False
Does 32 divide 802697?
False
Is 10 a factor of 55260?
True
Is 13235270 a multiple of 185?
True
Does 122 divide 31167?
False
Is 594 a factor of 4842882?
True
Does 2 divide 321265?
False
Is 54371 a multiple of 13?
False
Does 61 divide 588224?
False
Does 854 divide 1016260?
True
Is 2360163 a multiple of 19?
False
Does 19 divide 79219?
False
Does 8 divide 3007400?
True
Is 21 a factor of 457611?
True
Is 1219 a factor of 1162926?
True
Is 50 a factor of 1239368?
False
Is 51 a factor of 3354372?
True
Does 120 divide 8632920?
True
Is 206 a factor of 1809038?
False
Is 147 a factor of 512736?
True
Is 72768 a multiple of 8?
True
Is 159693 a multiple of 602?
False
Is 1452880 a multiple of 52?
True
Is 173007 a multiple of 47?
True
Does 539 divide 6441314?
False
Does 97 divide 128040?
True
Is 69 a factor of 632592?
True
Is 17525 a multiple of 77?
False
Is 29968 a multiple of 25?
False
Is 100494 a multiple of 54?
True
Is 295 a factor of 122984?
False
Does 29 divide 22585?
False
Is 267 a factor of 461643?
True
Does 70 divide 191730?
True
Does 18 divide 88520?
False
Does 6 divide 35334?
True
Does 9 divide 34632?
True
Is 11 a factor of 2805158?
False
Is 550467 a multiple of 27?
False
Is 16 a factor of 102432?
True
Is 11907748 a multiple of 42?
False
Does 115 divide 767449?
False
Is 16 a factor of 21373620?
False
Does 59 divide 19168783?
False
Is 58 a factor of 843224?
False
Is 397372 a multiple of 41?
True
Is 112 a factor of 670320?
True
Is 21 a factor of 243267?
False
Is 7 a factor of 717822?
True
Is 4 a factor of 176436?
True
Is 7553279 a multiple of 90?
False
Is 701 a factor of 411487?
True
Is 66680 a multiple of 11?
False
Is 3639600 a multiple of 15?
True
Is 36 a factor of 23008?
False
Is 16 a factor of 137056?
True
Is 12 a factor of 53427?
False
Does 116 divide 107798?
False
Is 170 a factor of 6904?
False
Is 807 a factor of 423613?
False
Does 273 divide 24570?
True
Is 8870130 a multiple of 603?
True
Is 8 a factor of 375320?
True
Does 78 divide 18269320?
False
Does 14 divide 937916?
True
Does 169 divide 236769?
True
Does 3 divide 18176?
False
Does 49 divide 246470?
True
Is 1436137 a multiple of 583?
False
Does 75 divide 5653950?
True
Is 1024 a factor of 6142987?
False
Is 292110 a multiple of 70?
True
Is 98 a factor of 1143366?
True
Is 254 a factor of 324104?
True
Is 109309 a multiple of 29?
False
Is 6 a factor of 435815?
False
Does 19 divide 416156?
False
Is 198998 a multiple of 167?
False
Is 7467278 a multiple of 461?
True
Is 153114 a multiple of 26?
True
Does 422 divide 214376?
True
Is 27 a factor of 4747221?
True
Is 605226 a multiple of 11?
False
Is 33 a factor of 498241?
False
Is 2 a factor of 581635?
False
Is 80 a factor of 114480?
True
Is 1524011 a multiple of 7?
False
Does 191 divide 48619?
False
Is 15 a factor of 726840?
True
Does 495 divide 1956735?
True
Is 3616840 a multiple of 190?
True
Is 495167 a multiple of 263?
False
Does 17 divide 6741673?
True
Is 4 a factor of 25552?
True
Does 211 divide 1601160?
False
Does 611 divide 7467642?
True
Is 259820 a multiple of 44?
True
Is 10 a factor of 7885980?
True
Is 17584318 a multiple of 422?
True
Is 995 a factor of 1592520?
False
Is 630 a factor of 1977570?
True
Does 13 divide 3429503?
False
Does 67 divide 238855?
True
Is 294864 a multiple of 6?
True
Does 1595 divide 9198365?
True
Does 26 divide 1884172?
False
Is 5 a factor of 33475?
True
Does 6 divide 345658?
False
Is 3626833 a multiple of 49?
True
Does 179 divide 5468808?
True
Is 393372 a multiple of 7?
True
Is 8804918 a multiple of 1700?
False
Is 8326472 a multiple of 44?
True
Does 3 divide 171143?
False
Does 26 divide 902824?
True
Is 443328 a multiple of 8?
True
Does 54 divide 53784?
True
Is 1862513 a multiple of 14?
False
Is 1190324 a multiple of 38?
False
Is 5321301 a multiple of 457?
False
Is 155 a factor of 629350?
False
Does 11 divide 374323?
False
Is 193 a factor of 37056?
True
Is 49175 a multiple of 25?
True
Is 1617024 a multiple of 16?
True
Is 794220 a multiple of 930?
True
Is 60 a factor of 59940?
True
Does 618 divide 255878?
False
Is 2453401 a multiple of 18?
False
Is 324 a factor of 62459?
False
Does 120 divide 25680?
True
Is 46 a factor of 41722?
True
Is 954 a factor of 7505118?
True
Is 3 a factor of 66862?
False
Is 17 a factor of 54791?
True
Is 41 a factor of 2352?
False
Does 5 divide 38540?
True
Is 32 a factor of 1534112?
True
Is 24 a factor of 924696?
True
Is 4521856 a multiple of 64?
True
Is 7 a factor of 1883?
True
Is 225638 a multiple of 3?
False
Is 309 a factor of 4414683?
True
Is 129 a factor of 249744?
True
Is 1012920 a multiple of 15?
True
Does 775 divide 1546696?
False
Is 53771 a multiple of 368?
False
Does 11 divide 1561968?
False
Is 1104202 a multiple of 583?
True
Is 34 a factor of 1324075?
False
Is 39 a factor of 407628?
True
Is 22 a factor of 1603250?
True
Is 291088 a multiple of 184?
True
Is 2411626 a multiple of 185?
False
Does 14 divide 275562?
True
Does 254 divide 4572?
True
Does 51 divide 41668?
False
Does 65 divide 38717?
False
Is 446183 a multiple of 31?
True
Is 17 a factor of 268719?
True
Is 32 a factor of 18647400?
False
Is 173906 a multiple of 31?
False
Does 243 divide 1873287?
True
Does 211 divide 939920?
False
Does 44 divide 226303?
False
Is 949 a factor of 7878598?
True
Is 478 a factor of 408742?
False
Is 37 a factor of 7708111?
False
Does 240 divide 67920?
True
Is 517 a factor of 2805079?
False
Does 17 divide 2332536?
True
Is 35 a factor of 192975?
False
Does 9 divide 5039515?
False
Is 31317 a multiple of 143?
True
Does 11 divide 53438?
True
Is 15 a factor of 8476350?
True
Is 326 a factor of 11802178?
True
Does 124 divide 134038?
False
Does 1587 divide 25230126?
True
Is 48152 a multiple of 8?
True
Is 12 a factor of 129626?
False
Does 76 divide 97888?
True
Is 251 a factor of 66264?
True
Does 32 divide 5344?
True
Does 228 divide 1514148?
True
Is 720 a factor of 178560?
True
Is 11884260 a multiple of 30?
True
Is 12 a factor of 590601?
False
Does 17 divide 889168?
True
Is 18 a factor of 1134349?
False
Does 34 divide 571412?
False
Does 101 divide 121200?
True
Does 162 divide 1519884?
True
Is 30299 a multiple of 6?
False
Does 68 divide 23324?
True
Does 32 divide 122144?
True
Is 5389428 a multiple of 62?
False
Is 8 a factor of 6102616?
True
Is 246 a factor of 659807?
False
Is 114 a factor of 970467?
False
